et l(f) = f**2 - 8*f + 11. Is l(t) a prime number?
True
Is (11 - 201591/(-15)) + (-3)/(-5) prime?
True
Suppose -2*d + 5*z = -0*d - 2784, -2784 = -2*d - z. Is (d - -10)/((-2)/(-5)) a prime number?
False
Suppose 4*d + 8160 = 4*l - 0*d, 0 = -4*d - 4. Let f = 3294 - l. Is f a composite number?
True
Let p = -13 + 15. Let q be 657 + (-1 - -2) - -4. Is (2 - 3/p)*q prime?
True
Let b(d) = -d**3 + 8*d**2 + 10*d - 6. Let a be b(9). Let f be (2 + a)/(1 + 0). Suppose 3*q - 201 - 680 = -5*v, 0 = -f*v - 4*q + 878. Is v composite?
True
Let i = -74 + 214. Let n = i - 27. Is n a prime number?
True
Let f(x) = -569*x + 342. Is f(-17) prime?
False
Let b(y) = -y + 7. Let m be b(5). Suppose -4*r - 4*j + j + 1510 = 0, 3*r - 1124 = m*j. Suppose -c = w - 126, 2*c = -c - 5*w + r. Is c a composite number?
False
Is ((-27286)/21)/(2/(-3)) composite?
False
Suppose -5*u - 5*w + 2114 = -851, 0 = -2*u + 2*w + 1202. Suppose 0 = -5*r + 418 + u. Is r prime?
False
Suppose 37 = 4*m - 3*t + 15, -4*m = -4*t - 24. Let f(c) be the second derivative of c**5/10 - c**4/12 - 7*c**3/6 + 5*c**2/2 + 6*c. Is f(m) a composite number?
False
Suppose -257*v + 251*v = -27042. Is v prime?
True
Suppose -17 = -g - 41. Is 21/(-4)*(-16)/g*-302 a composite number?
True
Suppose -4*v - 2*v = 3648. Let l = 2149 + v. Is l a prime number?
False
Let j = 33332 + -13401. Is j a prime number?
False
Let o = 66 + -72. Is (2/o)/((-20)/(-60))*-2839 a prime number?
False
Let z = -934 - -2177. Is z a prime number?
False
Suppose 197528 = 4*b + 4*b. Is b a prime number?
True
Suppose 2*x - 2*j - 8 = 0, j = 3*x - 4*j - 10. Suppose 2*w - x = w. Let t = 270 - w. Is t a composite number?
True
Let j = 29 + -26. Suppose -20 = 5*s, j*o + 3*s - 419 = 2*o. Is o composite?
False
Suppose -2180 = 8*r - 12*r. Is r composite?
True
Let o = 2127 - 556. Is o a composite number?
False
Let u = -1387 - -2215. Let b be 1136/(-3) - 1/3. Let x = b + u. Is x a prime number?
True
Let y(n) = -n + 6*n**2 + 69*n**2 + 2*n**2 + 11. Is y(5) a prime number?
True
Let f = 44 - 9. Suppose 76 = 3*t - f. Is t a composite number?
False
Suppose 5*h = -4*t - 0*t + 64235, t = 3*h - 38541. Is h prime?
False
Let w be (-122)/(-8) - 5/20. Let b be 185/w*(8 - -1). Suppose y = -2*y + b. Is y prime?
True
Let z = -566 - -801. Suppose k + 0*k = z. Is k composite?
True
Let b(y) be the first derivative of -y**3/3 + 38*y - 2. Let m be b(0). Suppose -50 = -4*k + 3*u + 22, 2*k = 2*u + m. Is k a composite number?
True
Let v = -20414 + 33073. Is v a composite number?
False
Suppose -3 - 41 = -4*z. Suppose -5*b - 3613 = -4*j, -2*j = -z*b + 6*b - 1799. Is j composite?
False
Let n(z) = -z**3 - 8*z**2 - 7*z + 2. Let p be n(-7). Suppose 0 = -p*g - 2*g + 2540. Is g a prime number?
False
Let o be ((-160)/6)/((-18)/(-5859)). Let j be 1/(-3) - o/21. Let c = j - -332. Is c a composite number?
True
Let i be 0*(-2)/(-4)*(-14 - -15). Suppose -4*y - 2*l + 1916 = i, 479 = y + 2*l - 4*l. Is y a prime number?
True
Let y(z) = -1586*z + 75. Is y(-2) composite?
True
Let w = -33 - -12. Is (w/(-7) - (-2)/(-2)) + 219 a prime number?
False
Let d = 3853 + -1800. Is d composite?
False
Suppose -b + 0*b + 4*h = 1495, -2*b - 3*h = 2979. Let j = b - -2890. Is j a composite number?
False
Let l(o) = 24*o**2 - 3*o + 4. Let y be 10/(-50) - (-16)/5. Is l(y) prime?
True
Suppose 12*i = 17*i + 20. Let l(w) = -7*w**3 - 2*w**2 + 3*w - 1. Is l(i) a composite number?
True
Let t = 87662 + -58365. Is t a prime number?
True
Let k = -28717 + 45750. Is k a prime number?
True
Let c = -115048 + 184641. Is c a prime number?
True
Suppose -3*d + 8491 + 6266 = 0. Is d a composite number?
False
Let v be 8/(-12)*3 - -239. Suppose -f - 20 + v = 0. Is f a composite number?
True
Suppose -2*o - 3*i + 7 = 0, -3 = -2*i - 5. Suppose -3*z + o*r - 77 = 0, 3*r = -4*z + 7*r - 100. Let w = z - -173. Is w a prime number?
True
Let s be 29/3 + 1/3. Let k = 14 - s. Suppose 67 = k*v - 89. Is v prime?
False
Let u(w) = 39*w - 7*w + 24*w + 19 - 4. Is u(7) composite?
True
Let j = 972 + -173. Is j prime?
False
Let p = 31822 + -19228. Suppose 5*b - 22460 = -f - 1458, -3*b - 3*f = -p. Is b prime?
True
Suppose -r = -2*x + 3314, -79*x + 76*x - 4*r + 4971 = 0. Is x a composite number?
False
Let b(o) = o**3 - 7*o**2 - 8*o + 2. Let d be b(8). Suppose 0 = d*u - 54 + 258. Is (2 + u/4)*-2 a prime number?
True
Let f(m) = m**2 + 12*m - 9. Let r(d) = -2*d - 13. Let o be r(0). Let z be f(o). Let p(a) = 47*a + 3. Is p(z) a composite number?
False
Let q be (-2 - 0) + 4 - 0. Suppose 0 = -0*c + 2*c + q. Is (4 - -719) + (-5 - c) prime?
True
Let w be (6/(-4))/(1/4*-3). Is 501 - 2 - w - 0/3 prime?
False
Let f(w) = -w**2 - 7*w - 2. Let l be f(-5). Let o be (l + -8)*(-1)/2. Suppose o*j + 232 = 3*j - d, j + 4*d - 73 = 0. Is j prime?
False
Suppose -o + 2*b - 14 = -5*o, -4*b = -4. Let r(p) = 10*p**3 - 2*p**2 + 5*p - 4. Is r(o) composite?
False
Let u(z) = 13*z**2 + z - 7. Let i be u(7). Let b = i + -320. Is b a composite number?
False
Suppose 7*m = m + 18. Suppose -4*p = 5*r - 2373, 4*r - 1179 = -2*p + m*r. Is p a composite number?
False
Suppose -6*y + 3*y - p + 7 = 0, 13 = 5*y + 3*p. Let b(h) = -h**3 + 11*h**2 - 11*h - 7. Let u be b(8). Suppose y*a - u = -3*s, -5*a - 5 = 15. Is s prime?
False
Let t = -3860 - -9979. Is t a composite number?
True
Suppose 0*g - 6 = -2*g. Suppose g*i - 4*i = -79. Is i composite?
False
Suppose 2*c = -c. Suppose c = -2*p - 2 + 16. Is (p/(-14))/((-1)/178) a composite number?
False
Suppose -9*g - 596 = -13*g. Suppose -h = -j + 2, 5*j = 7*h - 3*h + 13. Suppose -h*f - g = -638. Is f a composite number?
False
Let z be (4 + (-3 - -1))/(-2). Let s be (-1)/(z*(-1)/(-4)). Is s/(-14) - 1082/(-14) composite?
True
Is 4*42/24*10103 prime?
False
Suppose -2*y - 21005 = -7*y. Is y a prime number?
True
Suppose 0 = -40*b + 37*b. Let j(o) = -o**3 + 6*o**2 - 5*o - 64. Let r(m) = m**3 - 7*m**2 + 6*m + 63. Let p(t) = -6*j(t) - 5*r(t). Is p(b) a prime number?
False
Let u(k) = 3647*k - 32. Is u(2) composite?
True
Let k = -288 - -4607. Is k a prime number?
False
Let u = -67 + 75. Is 14349/(-3)*-2*4/u composite?
False
Suppose 2*c - 4321 = -5*u, -6*u = -2*c - 8*u + 4312. Is c prime?
True
Suppose 15831 = 4*y - 5*v, 0 = 4*y - v - 0*v - 15835. Is y a composite number?
True
Let t(x) = 5*x**2 - 5*x + 4. Let a be t(2). Let b(n) = n**2 + 18*n - 9. Is b(a) composite?
False
Is (14 - 16)*(-29166)/12 prime?
True
Let j = 27 + -11. Is 40/j*(1 + 105) prime?
False
Suppose 0 = 9*y + 4*y - 70031. Is y a composite number?
False
Suppose -5*f + 2*j - 128 - 268 = 0, 0 = 4*f - j + 315. Let h = -47 - f. Is h a prime number?
True
Let g be 10/45*-3*-3. Suppose 465 + 209 = g*j. Is j a prime number?
True
Suppose -2*a + 6*a - 36 = 0. Suppose a*u = 5*u + 1652. Is u a composite number?
True
Suppose -2*k - 3*k = -4625. Suppose -9*s + 794 = -k. Is s a composite number?
False
Let d(r) = 2*r**3 - 5*r**2 + 8*r - 12. Let s(m) = 2*m**3 - 4*m**2 + 8*m - 12. Let b(t) = -3*d(t) + 4*s(t). Is b(5) a prime number?
False
Let n = 28 - 15. Let u = n + 12. Let b = -15 + u. Is b composite?
True
Suppose 197*i = 168*i + 249661. Is i prime?
True
Let a = 5277 + 68. Suppose 0 = -s, 3*s = 6*z - z - a. Let d = z + -708. Is d a prime number?
False
Suppose 0*k + 2*k - 3 = -3*n, 3*k = n + 21. Let f(h) = 5 - k*h + h - 1 - 2. Is f(-4) composite?
True
Suppose -119*s - 48554 = -130*s. Is s composite?
True
Suppose 5*o - 44 + 4 = 0. Let n be (-1)/(1/(-46)) - (34 + -33). Let d = n + o. Is d a composite number?
False
Let m = -23 - -29. Is m/(-9) + (-40)/(-6) composite?
True
Let q = -27 + 28. Is 0 - -5 - (0 + q) composite?
True
Let k = 115 + -116. Let r(z) = 488*z**2 + 1. Is r(k) prime?
False
Let f(c) = -25*c**2 + c - 10. Let g(u) = -74*u**2 + 2*u - 29. Let i(s) = -17*f(s) + 6*g(s). Let z be i(-3). Is 2 + (8 + -4 - z) a composite number?
True
Let c(q) = 13*q**2 - 5*q + 8. Let s be (13 - 14)*(-20)/2. Suppose 0 = -4*f - 10 - s. Is c(f) a prime number?
False
Suppose 16*o - 161 = 255. Let w(r) = 90*r + 101. Is w(o) a composite number?
False
Suppose -104*u = -116*u + 238092. Is u prime?
True
Let i be 1/(1 + (-4)/2)*-225. Let o = i + -158. Is o a composite number?
False
Suppose -446 + 89 = 3*p. Let t be (29 - 32)/(1/27). Let j = t - p. Is j a composite number?
True
Let v(z) be the first derivative of 14*z**3/3 - 2*z**2 + z + 12. Is v(5) a prime 